{"id":2056,"date":"2020-11-09T16:55:40","date_gmt":"2020-11-09T15:55:40","guid":{"rendered":"http:\/\/folkefronten.dk\/?page_id=2056"},"modified":"2020-11-16T21:10:41","modified_gmt":"2020-11-16T20:10:41","slug":"curse-of-strahd","status":"publish","type":"page","link":"http:\/\/folkefronten.dk\/?page_id=2056","title":{"rendered":"Curse of Strahd"},"content":{"rendered":"\n\n\n<div class=\"wp-block-cover has-background-dim has-custom-content-position is-position-bottom-center\" style=\"background-image:url(http:\/\/folkefronten.dk\/wp-content\/uploads\/2020\/11\/Castle-Ravenloft-2.jpg)\"><div class=\"wp-block-cover__inner-container is-layout-flow wp-block-cover-is-layout-flow\">\n<p class=\"has-text-align-center has-large-font-size\"><span style=\"color:#a30003\" class=\"tadv-color\">Curse of Strahd<\/span><\/p>\n\n\n<\/div><\/div>\n\n\n\n<div style=\"height:34px\" aria-hidden=\"true\" class=\"wp-block-spacer\"><\/div>\n\n\n\n<blockquote class=\"wp-block-quote is-layout-flow wp-block-quote-is-layout-flow\"><p>Curse of Strahd uses recurring elements inspired by classic horror literature and gothic fairy tales. The players find themselves drawn into the cursed land of Count Strahd von Zarovich, a terrifying predator hidden behind a romantic, noble veil. Once there, they must contend with the horrors of Barovia \u2013 misty forests full of wolves and witches; haunted manors and abandoned castles; grotesque monsters in the shadows; and other creatures that serve Strahd\u2019s evil will.<\/p><\/blockquote>\n\n\n\n<ul>\n<li>Temaet er gothic horror med vampyrer.<\/li>\n<li>Kampagnen g\u00e5r fra level 1-10.<\/li>\n<li>En god blanding af action og roleplaying med udfordrende sv\u00e6rhedsgrad.<\/li>\n<li>En meget stemningsfuld og nuanceret setting, hvor moralitet ikke er sort\/hvid og det kan v\u00e6re sv\u00e6rt at skelne mellem de gode og de onde.<\/li>\n<\/ul>\n<p>Gotisk horror kombinerer uhygge og romantik. Virkemidlerne er gru (b\u00e5de psykologisk og fysisk), mysterier, det overnaturlige, sp\u00f8gelser, hjems\u00f8gte huse og gotisk arkitektur, slotte, m\u00f8rke, d\u00f8d, forfald, galskab, hemmelige og arvelige forbandelser.<\/p>\n<p>Skurkegalleriet best\u00e5r af tyranner, skurke, banditter, galninge, jomfruer i n\u00f8d, femme fataler, troldm\u00e6nd, vampyrer, varulve, monstre, d\u00e6moner, genoplivede lig, sp\u00f8gelser, levende skeletter&#8230; og Dj\u00e6velen selv!<\/p>\n<p>Velkommen til Barovia!<\/p>\n\n\n\n<h2 class=\"wp-block-heading\">Teaser video<\/h2>\n\n\n\n<figure class=\"wp-block-embed-youtube wp-block-embed is-type-video is-provider-youtube wp-embed-aspect-16-9 wp-has-aspect-ratio\"><div class=\"wp-block-embed__wrapper\">\n<iframe loading=\"lazy\" title=\"Curse of Strahd\" width=\"640\" height=\"360\" src=\"https:\/\/www.youtube.com\/embed\/HQQQ5Z65RWI?feature=oembed\" frameborder=\"0\" allow=\"accelerometer; autoplay; clipboard-write; encrypted-media; gyroscope; picture-in-picture; web-share\" referrerpolicy=\"strict-origin-when-cross-origin\" allowfullscreen><\/iframe>\n<\/div><\/figure>\n\n\n\n<h2 class=\"wp-block-heading\">Husregler<\/h2>\n\n\n\n<div class=\"wp-block-file\"><a href=\"http:\/\/folkefronten.dk\/wp-content\/uploads\/2020\/11\/Husregler-v1.2.pdf\">Husregler-v1.2<\/a><a href=\"http:\/\/folkefronten.dk\/wp-content\/uploads\/2020\/11\/Husregler-v1.2.pdf\" class=\"wp-block-file__button\" download>Download<\/a><\/div>\n\n\n\n<div class=\"wp-block-file\"><a href=\"http:\/\/folkefronten.dk\/wp-content\/uploads\/2020\/11\/Optional-Sanity-Rules-Players.pdf\">Optional-Sanity-Rules-Players<\/a><a href=\"http:\/\/folkefronten.dk\/wp-content\/uploads\/2020\/11\/Optional-Sanity-Rules-Players.pdf\" class=\"wp-block-file__button\" download>Download<\/a><\/div>\n\n\n\n<h2 class=\"wp-block-heading\">F\u00e6lles udstyr<\/h2>\n\n\n\n<p><a href=\"https:\/\/docs.google.com\/spreadsheets\/d\/1izfrLQHjmDUn_iXuSA5aJtQvVLNz2rnBikLwZeO4gQI\/edit?usp=sharing\">F\u00e6lles udstyrsliste (Google Sheet)<\/a><\/p>\n<p>\u00a0<\/p>\n","protected":false},"excerpt":{"rendered":"<p>Curse of Strahd uses recurring elements inspired by classic horror literature and gothic fairy tales. The players find themselves drawn into the cursed land of Count Strahd von Zarovich, a terrifying predator hidden behind a romantic, noble veil. Once there, &hellip; <a href=\"http:\/\/folkefronten.dk\/?page_id=2056\">Continue reading <span class=\"meta-nav\">&rarr;<\/span><\/a><\/p>\n","protected":false},"author":41,"featured_media":0,"parent":0,"menu_order":0,"comment_status":"closed","ping_status":"closed","template":"","meta":{"footnotes":""},"class_list":["post-2056","page","type-page","status-publish","hentry"],"_links":{"self":[{"href":"http:\/\/folkefronten.dk\/index.php?rest_route=\/wp\/v2\/pages\/2056","targetHints":{"allow":["GET"]}}],"collection":[{"href":"http:\/\/folkefronten.dk\/index.php?rest_route=\/wp\/v2\/pages"}],"about":[{"href":"http:\/\/folkefronten.dk\/index.php?rest_route=\/wp\/v2\/types\/page"}],"author":[{"embeddable":true,"href":"http:\/\/folkefronten.dk\/index.php?rest_route=\/wp\/v2\/users\/41"}],"replies":[{"embeddable":true,"href":"http:\/\/folkefronten.dk\/index.php?rest_route=%2Fwp%2Fv2%2Fcomments&post=2056"}],"version-history":[{"count":13,"href":"http:\/\/folkefronten.dk\/index.php?rest_route=\/wp\/v2\/pages\/2056\/revisions"}],"predecessor-version":[{"id":2116,"href":"http:\/\/folkefronten.dk\/index.php?rest_route=\/wp\/v2\/pages\/2056\/revisions\/2116"}],"wp:attachment":[{"href":"http:\/\/folkefronten.dk\/index.php?rest_route=%2Fwp%2Fv2%2Fmedia&parent=2056"}],"curies":[{"name":"wp","href":"https:\/\/api.w.org\/{rel}","templated":true}]}}